prime factors of 21628.
2, 5407
List the prime factors of 24970.
2, 5, 11, 227
List the prime factors of 53067.
3, 7, 19
What are the prime factors of 4323?
3, 11, 131
List the prime factors of 43428.
2, 3, 7, 11, 47
List the prime factors of 387.
3, 43
List the prime factors of 46521.
3, 1723
What are the prime factors of 32417?
7, 11, 421
List the prime factors of 71847.
3, 887
What are the prime factors of 135?
3, 5
What are the prime factors of 535?
5, 107
What are the prime factors of 1054?
2, 17, 31
List the prime factors of 7905.
3, 5, 17, 31
List the prime factors of 8489.
13, 653
List the prime factors of 10528.
2, 7, 47
List the prime factors of 406.
2, 7, 29
List the prime factors of 41025.
3, 5, 547
List the prime factors of 22454.
2, 103, 109
What are the prime factors of 40?
2, 5
What are the prime factors of 2354?
2, 11, 107
What are the prime factors of 3584?
2, 7
List the prime factors of 3404.
2, 23, 37
List the prime factors of 4620.
2, 3, 5, 7, 11
What are the prime factors of 60122?
2, 23, 1307
List the prime factors of 1710.
2, 3, 5, 19
List the prime factors of 1122.
2, 3, 11, 17
What are the prime factors of 91?
7, 13
What are the prime factors of 64038?
2, 3, 13, 821
What are the prime factors of 132?
2, 3, 11
What are the prime factors of 8449?
7, 17, 71
What are the prime factors of 4725?
3, 5, 7
List the prime factors of 18353.
18353
What are the prime factors of 6612?
2, 3, 19, 29
List the prime factors of 64789.
67, 967
What are the prime factors of 98160?
2, 3, 5, 409
List the prime factors of 16437.
3, 5479
List the prime factors of 104.
2, 13
List the prime factors of 1221.
3, 11, 37
What are the prime factors of 1903?
11, 173
List the prime factors of 92618.
2, 46309
What are the prime factors of 1244?
2, 311
List the prime factors of 468.
2, 3, 13
What are the prime factors of 108902?
2, 17, 3203
What are the prime factors of 25985?
5, 5197
List the prime factors of 1554.
2, 3, 7, 37
What are the prime factors of 4983?
3, 11, 151
List the prime factors of 2253.
3, 751
List the prime factors of 33519.
3, 11173
List the prime factors of 3931.
3931
What are the prime factors of 441?
3, 7
List the prime factors of 32983.
32983
What are the prime factors of 116489?
19, 6131
What are the prime factors of 8063?
11, 733
What are the prime factors of 10650?
2, 3, 5, 71
List the prime factors of 27657.
3, 7, 439
List the prime factors of 93081.
3, 19, 23, 71
List the prime factors of 6272.
2, 7
What are the prime factors of 4075?
5, 163
What are the prime factors of 37352?
2, 7, 23, 29
List the prime factors of 6126.
2, 3, 1021
List the prime factors of 23781.
3, 7927
List the prime factors of 51529.
227
List the prime factors of 143892.
2, 3, 7, 571
What are the prime factors of 1163?
1163
What are the prime factors of 944?
2, 59
List the prime factors of 7177.
7177
What are the prime factors of 195?
3, 5, 13
List the prime factors of 3817.
11, 347
List the prime factors of 19663.
7, 53
What are the prime factors of 8487?
3, 23, 41
What are the prime factors of 18002?
2, 9001
List the prime factors of 8304.
2, 3, 173
List the prime factors of 12226.
2, 6113
List the prime factors of 15419.
17, 907
List the prime factors of 2135.
5, 7, 61
List the prime factors of 5.
5
List the prime factors of 100329.
3, 53, 631
What are the prime factors of 4393?
23, 191
What are the prime factors of 27077?
27077
What are the prime factors of 2081?
2081
What are the prime factors of 2705?
5, 541
List the prime factors of 54019.
7, 7717
List the prime factors of 8271.
3, 919
List the prime factors of 44208.
2, 3, 307
What are the prime factors of 39755?
5, 7951
List the prime factors of 4368.
2, 3, 7, 13
List the prime factors of 2301.
3, 13, 59
List the prime factors of 510.
2, 3, 5, 17
What are the prime factors of 122799?
3, 40933
What are the prime factors of 16147?
67, 241
List the prime factors of 5611.
31, 181
What are the prime factors of 6855?
3, 5, 457
What are the prime factors of 101?
101
What are the prime factors of 2968?
2, 7, 53
What are the prime factors of 9594?
2, 3, 13, 41
List the prime factors of 9641.
31, 311
What are the prime factors of 2380?
2, 5, 7, 17
What are the prime factors of 2729?
2729
What are the prime factors of 4022?
2, 2011
What are the prime factors of 364?
2, 7, 13
What are the prime factors of 88054?
2, 44027
What are the prime factors of 157?
157
List the prime factors of 2317.
7, 331
List the prime factors of 4612.
2, 1153
What are the prime factors of 2496?
2, 3, 13
What are the prime factors of 8886?
2, 3, 1481
What are the prime factors of 3069?
3, 11, 31
What are the prime factors of 280?
2, 5, 7
What are the prime factors of 122012?
2, 11, 47, 59
What are the prime factors of 4253?
4253
What are the prime factors of 13740?
2, 3, 5, 229
What are the prime factors of 5161?
13, 397
What are the prime factors of 1939?
7, 277
What are the prime factors of 1604?
2, 401
What are the prime factors of 5970?
2, 3, 5, 199
What are the prime factors of 12130?
2, 5, 1213
List the prime factors of 3786.
2, 3, 631
What are the prime factors of 613?
613
List the prime factors of 693.
3, 7, 11
List the prime factors of 7759.
7759
List the prime factors of 684.
2, 3, 19
List the prime factors of 133065.
3, 5, 2957
What are the prime factors of 4208?
2, 263
List the prime factors of 2159.
17, 127
What are the prime factors of 38635?
5, 7727
What are the prime factors of 2608?
2, 163
What are the prime factors of 3757?
13, 17
List the prime factors of 982.
2, 491
What are the prime factors of 218?
2, 109
What are the prime factors of 2506?
2, 7, 179
List the prime factors of 65693.
179, 367
What are the prime factors of 4869?
3, 541
List the prime factors of 13350.
2, 3, 5, 89
List the prime factors of 2036.
2, 509
What are the prime factors of 2335?
5, 467
List the prime factors of 7472.
2, 467
List the prime factors of 2577.
3, 859
What are the prime factors of 5479?
5479
What are the prime factors of 410?
2, 5, 41
List the prime factors of 9462.
2, 3, 19, 83
What are the prime factors of 14018?
2, 43, 163
What are the prime factors of 386?
2, 193
What are the prime factors of 2884?
2, 7, 103
What are the prime factors of 72626?
2, 36313
List the prime factors of 46333.
7, 6619
What are the prime factors of 243?
3
What are the prime factors of 3562?
2, 13, 137
List the prime factors of 5684.
2, 7, 29
What are the prime factors of 2138?
2, 1069
What are the prime factors of 3621?
3, 17, 71
List the prime factors of 1403.
23, 61
What are the prime factors of 1448?
2, 181
What are the prime factors of 2576?
2, 7, 23
What are the prime factors of 35721?
3, 7
List the prime factors of 1474.
2, 11, 67
What are the prime factors of 1308?
2, 3, 109
What are the prime factors of 36062?
2, 13, 19, 73
What are the prime factors of 1597?
1597
List the prime factors of 969.
3, 17, 19
What are the prime factors of 3611?
23, 157
What are the prime factors of 9?
3
List the prime factors of 2729.
2729
List the prime factors of 336.
2, 3, 7
What are the prime factors of 71235?
3, 5, 1583
List the prime factors of 10765.
5, 2153
List the prime factors of 44936.
2, 41, 137
What are the prime factors of 3875?
5, 31
List the prime factors of 2562.
2, 3, 7, 61
List the prime factors of 1450.
2, 5, 29
What are the prime factors of 141740?
2, 5, 19, 373
What are the prime factors of 21051?
3, 2339
What are the prime factors of 96930?
2, 3, 5, 359
What are the prime factors of 117?
3, 13
List the prime factors of 7838.
2, 3919
What are the prime factors of 100095?
3, 5, 6673
What are the prime factors of 16441?
41, 401
List the prime factors of 96240.
2, 3, 5, 401
What are the prime factors of 13590?
2, 3, 5, 151
List the prime factors of 44676.
2, 3, 17, 73
What are the prime factors of 5963?
67, 89
What are the prime factors of 2398?
2, 11, 109
List the prime factors of 6112.
2, 191
What are the prime factors of 14883?
3, 11, 41
What are the prime factors of 30554?
2, 15277
List the prime factors of 5038.
2, 11, 229
List the prime factors of 10671.
3, 3557
What are the prime factors of 2283?
3, 761
List the prime factors of 6472.
2, 809
List the prime factors of 18403.
7, 11, 239
List the prime factors of 14543.
14543
List